{"id":137,"date":"2013-03-18T18:26:49","date_gmt":"2013-03-18T18:26:49","guid":{"rendered":"http:\/\/kichor-zogenweiler.de\/?page_id=137"},"modified":"2014-10-27T12:22:21","modified_gmt":"2014-10-27T11:22:21","slug":"impressum","status":"publish","type":"page","link":"https:\/\/kichor-zogenweiler.de\/?page_id=137","title":{"rendered":"Impressum"},"content":{"rendered":"<p><strong>Verantwortlich:<\/strong><br \/>\nKirchenchor Zogenweiler<br \/>\nChorleiter:<br \/>\nRoman Schnetz<br \/>\nSchachen 5<br \/>\n88263 Horgenzell<\/p>\n<p><strong>Kontakt:<\/strong><br \/>\nEmail: leiter(at)kichor-zogenweiler.de<\/p>\n<p><strong>Haftunghinweis<\/strong><br \/>\nTrotz sorgf\u00e4ltiger inhaltlicher Kontrolle \u00fcbernehmen wir keine Haftung f\u00fcr die Inhalte externer Links. F\u00fcr den Inhalt der verlinkten Seiten sind ausschlie\u00dflich deren Betreiber verantwortlich.<\/p>\n<p><strong>Copyright<\/strong><br \/>\nAlle Inhalte dieser Webseite sind urheberrechtlich gesch\u00fctzt. Das Urheberrecht liegt bei dem Kirchenchor Zogenweiler. Nehmen Sie mit uns Kontakt auf, falls Sie Inhalte dieser Webseite f\u00fcr eigene Zwecke verwenden wollen.<\/p>\n<p><strong>Quellenangaben f\u00fcr die verwendeten Bilder und Grafiken:<\/strong><br \/>\n&#8211; Aktuelle und ehemalige Mitglieder des Kirchenchor Zogenweiler<br \/>\nu.a. Michael Mieruch, Carsten Habbes, Berthold Huber<\/p>\n<p><strong>Gestaltung und Umsetzung der Homepage<\/strong><br \/>\nMichael Mieruch<br \/>\nEmail: administrator(at)kichor-zogenweiler.de<\/p>\n","protected":false},"excerpt":{"rendered":"<p>Verantwortlich: Kirchenchor Zogenweiler Chorleiter: Roman Schnetz Schachen 5 88263 Horgenzell Kontakt: Email: leiter(at)kichor-zogenweiler.de Haftunghinweis Trotz sorgf\u00e4ltiger inhaltlicher Kontrolle \u00fcbernehmen wir keine Haftung f\u00fcr die Inhalte externer Links. F\u00fcr den Inhalt der verlinkten Seiten sind ausschlie\u00dflich deren Betreiber verantwortlich. Copyright Alle Inhalte dieser Webseite sind urheberrechtlich gesch\u00fctzt. Das Urheberrecht liegt bei dem Kirchenchor Zogenweiler. Nehmen Sie &hellip;<\/p>\n<p class=\"read-more\"> <a class=\"\" href=\"https:\/\/kichor-zogenweiler.de\/?page_id=137\"> <span class=\"screen-reader-text\">Impressum<\/span> Weiterlesen &raquo;<\/a><\/p>\n","protected":false},"author":1,"featured_media":0,"parent":0,"menu_order":0,"comment_status":"closed","ping_status":"closed","template":"template-full-width.php","meta":{"site-sidebar-layout":"default","site-content-layout":"default","ast-global-header-display":"","ast-main-header-display":"","ast-hfb-above-header-display":"","ast-hfb-below-header-display":"","ast-hfb-mobile-header-display":"","site-post-title":"","ast-breadcrumbs-content":"","ast-featured-img":"","footer-sml-layout":"","theme-transparent-header-meta":"","adv-header-id-meta":"","stick-header-meta":"","header-above-stick-meta":"","header-main-stick-meta":"","header-below-stick-meta":"","ngg_post_thumbnail":0,"footnotes":""},"class_list":["post-137","page","type-page","status-publish","hentry"],"_links":{"self":[{"href":"https:\/\/kichor-zogenweiler.de\/index.php?rest_route=\/wp\/v2\/pages\/137"}],"collection":[{"href":"https:\/\/kichor-zogenweiler.de\/index.php?rest_route=\/wp\/v2\/pages"}],"about":[{"href":"https:\/\/kichor-zogenweiler.de\/index.php?rest_route=\/wp\/v2\/types\/page"}],"author":[{"embeddable":true,"href":"https:\/\/kichor-zogenweiler.de\/index.php?rest_route=\/wp\/v2\/users\/1"}],"replies":[{"embeddable":true,"href":"https:\/\/kichor-zogenweiler.de\/index.php?rest_route=%2Fwp%2Fv2%2Fcomments&post=137"}],"version-history":[{"count":7,"href":"https:\/\/kichor-zogenweiler.de\/index.php?rest_route=\/wp\/v2\/pages\/137\/revisions"}],"predecessor-version":[{"id":488,"href":"https:\/\/kichor-zogenweiler.de\/index.php?rest_route=\/wp\/v2\/pages\/137\/revisions\/488"}],"wp:attachment":[{"href":"https:\/\/kichor-zogenweiler.de\/index.php?rest_route=%2Fwp%2Fv2%2Fmedia&parent=137"}],"curies":[{"name":"wp","href":"https:\/\/api.w.org\/{rel}","templated":true}]}}